t t(z) = 3*z**2 + 9*z + 1. Let u be t(-7). Let x = u + -16. Suppose 29 = -2*o + x. Calculate the remainder when 58 is divided by o.
18
Suppose 0 = -6*v + 4*v + 54. Suppose -65 = 4*s + v. Let f = -6 - s. Calculate the remainder when f is divided by 6.
5
Suppose 2*q - 5 = -1. Let z be (0 - 0)*-1*-1. Suppose 5*y = 5*r - 45, q*r - 18 = -5*y - z. Calculate the remainder when 26 is divided by r.
8
Suppose -5*w + 5*s + 110 = 0, 0*w + 42 = w + 3*s. Calculate the remainder when w is divided by 5.
2
Suppose 0 = 2*r + b - 4, -3*r - 6 = -7*r - b. Let o be -7 + 1 + r/1. What is the remainder when 18 is divided by o + 3 - (-1 - 11)?
8
Let x be ((-4)/(-4))/((-1)/3). Let t = x + 6. Suppose 4*m - 80 = -0*m + t*a, 3*m = 5*a + 49. Calculate the remainder when m is divided by 8.
7
Calculate the remainder when 10 is divided by (12/(-7))/((-26)/91).
4
Let o be (-4)/6 - (-17)/3. Suppose 2*l - 4 = 2*y, 4*y - o*l + 13 = -0*l. What is the remainder when 8 is divided by y?
2
Suppose l + 20 - 136 = 2*b, -5*b - 231 = -2*l. What is the remainder when l is divided by 30?
28
Suppose 3*y - 26 = 4. Let q(a) = 6*a - 1. What is the remainder when q(5) is divided by y?
9
Suppose -3*s + 44 - 5 = 0. Let r(d) = 36*d**3 + d**2 + d - 1. Suppose 3*l - 2 = 1. What is the remainder when r(l) is divided by s?
11
Let c(g) = 3*g**3 - 2*g**2 + 3*g + 2. Calculate the remainder when c(3) is divided by (-5 - -2) + 3 + 19.
17
Suppose -4*q + q + 105 = 0. What is the remainder when q is divided by 14?
7
Let i be 0/((-2 - 1) + 1). Suppose i = 8*b - 6*b - 44. Calculate the remainder when 63 is divided by b.
19
Suppose 52 = g + 1. Let t = g - 24. Calculate the remainder when t is divided by 15.
12
Suppose -4*a - 30 = -2. Let h(b) = b**2 + 5*b + 6. What is the remainder when 58 is divided by h(a)?
18
Suppose 0 = -v + w + 53, 2*v - 2*w - 112 = 3*w. Calculate the remainder when v is divided by 21.
9
Let o be 2/7 + (-40)/(-7). Let s be 40/o + 1/3. Suppose -25 = 2*l - s*l. What is the remainder when l is divided by 3?
2
Suppose -6*w = -w - 30. Let x = 11 + 0. What is the remainder when x is divided by w?
5
What is the remainder when (27/(-2))/((-18)/24) is divided by 11?
7
Let a(h) = 3*h**2 + 8*h + 8. Calculate the remainder when a(-5) is divided by 23.
20
Let z(n) = n**3 + 16*n**2 + 24*n + 19. Suppose 0*l = -2*l + 52. What is the remainder when z(-14) is divided by l?
23
Calculate the remainder when (1/2 - -1)/((-9)/(-24)) is divided by 10/4 - 1/2.
0
Suppose 0 = -5*q - 3*a + 4, -q - 2*a = 3*a + 8. Let f(k) = 2*k**3 - 2*k**2 - k - 1. Let z = 1 - -8. What is the remainder when z is divided by f(q)?
4
Let h = -61 - -94. Calculate the remainder when h is divided by 1 - (3 + -17) - -2.
16
Let q(t) be the second derivative of -t**4/12 - 11*t**3/6 - 6*t**2 + 4*t. Calculate the remainder when q(-8) is divided by 7.
5
Suppose c + 7*h = 3*h + 33, 3*c = -h + 55. Let i(v) be the third derivative of -v**4/24 + 8*v**3/3 - 4*v**2. What is the remainder when c is divided by i(7)?
8
Let y = -9 - -13. Suppose 4*h - 2*c = 106, -3*h - 4*c - 44 = -y*h. What is the remainder when h is divided by 13?
11
Let f(c) = c**2 - 2*c - 4. Let b be f(4). Suppose b*n - 38 + 2 = 0. What is the remainder when n is divided by 5?
4
What is the remainder when ((-5)/3)/(5/(-150)) is divided by 13?
11
Suppose 0 = 3*u - 18 - 12. Suppose h + 7 - 2 = 0. What is the remainder when (h*8)/(-2) + -2 is divided by u?
8
Suppose -c + 6 = -33. Calculate the remainder when 7 is divided by c/12 - (-2)/(-8).
1
Suppose 0 = -m + 6. Let c = -53 - -55. What is the remainder when m is divided by c?
0
Let j be ((-24)/(-15))/((-8)/(-20)). Suppose -4*c = p - 2*p - 30, j*p - 48 = -5*c. Calculate the remainder when 29 is divided by c.
5
Let p be -17*(-1)/2*-2. Let t = 45 + p. What is the remainder when t is divided by 15?
13
Suppose u = 10 + 1. Let o = -5 + 1. Calculate the remainder when u is divided by (18/o)/((-12)/16).
5
Suppose -85 = -2*h - 5. What is the remainder when h is divided by 11?
7
Let g = -7 - -15. What is the remainder when 23 is divided by g?
7
Let s(u) = 2*u**2 + 3*u - 3. What is the remainder when s(-4) is divided by 5?
2
Suppose -d = -y - 0*y - 71, -5*y + 2*d = 355. Let b = 114 + y. Calculate the remainder when b is divided by 1*2*(-30)/(-4).
13
Let p(f) = f**2 - 6*f - 11. Let n be p(9). Suppose -n = 7*u - 9*u. What is the remainder when 14 is divided by u?
6
Suppose -t + 4 = -1. Let r = t + -2. Suppose -k + 4*k = 15. Calculate the remainder when k is divided by r.
2
Let r(u) = -u**2 + 15*u - 5. What is the remainder when r(13) is divided by 12?
9
Let l(r) be the third derivative of -r**6/60 + r**4/12 + r**3/6 + r**2. Calculate the remainder when (-9)/(-15) - 7/(-5) is divided by l(-1).
0
What is the remainder when (9/45)/((-1)/(-5)) is divided by 1?
0
Suppose -5*a = -2*a - 60. Calculate the remainder when a is divided by 11.
9
Suppose 0 = -2*a + 6, -5*n + 2*a = 1 - 10. Calculate the remainder when 6 is divided by n.
0
Suppose 6*i - 4*i - 102 = 0. What is the remainder when i is divided by 11?
7
Let j(i) = 11*i - 8. What is the remainder when j(7) is divided by 18?
15
Suppose 5*i - 196 = 2*k, i - 13 = -k + 22. What is the remainder when i is divided by 10?
8
Suppose -c + 4*u = -u - 9, -27 = -3*c - 3*u. Calculate the remainder when (c/(-6))/(3/(-76)) is divided by 13.
12
Let s(a) = -4*a + 1. Let c be s(-4). Suppose 0 = -5*h - c - 3. Let k = 14 + h. Calculate the remainder when 28 is divided by k.
8
Suppose 8*m - 4*m - 4 = 0. Calculate the remainder when 1 is divided by m.
0
Let z(f) = f + 3. Suppose -4*y = 5*w - 22, 3*w + 5*y - 3 = 5. What is the remainder when 15 is divided by z(w)?
6
Suppose 3*x + 0*x = 27. Let h = x - -33. Suppose -30 - 15 = -3*w. Calculate the remainder when h is divided by w.
12
Calculate the remainder when 53 + 3 + -2 - 0 is divided by 19.
16
Let q(i) be the first derivative of i**4/4 - 4*i**3 - 6*i**2 - 12*i + 5. What is the remainder when 2 is divided by q(13)?
0
Let z(d) = -3*d - 35. What is the remainder when 34 is divided by z(-14)?
6
Suppose 3*l = 2*l + q + 135, 3*q = 5*l - 675. Calculate the remainder when l is divided by 34.
33
Suppose -2*z = 4*m - 36, -z - 30 = -4*m + 6. Calculate the remainder when 14 is divided by m.
5
Let i(m) = -m**3 + 3*m**2 - m. Calculate the remainder when 12/(-20) + ((-66)/(-10) - 1) is divided by i(2).
1
Let t(w) = 5*w**2 + 7*w + 3. Let v be t(-5). Let o = 15 + -11. What is the remainder when v*(o/(-6))/(-2) is divided by 11?
9
Suppose -7*o + 3*o = 3*x - 40, -5*x + 48 = 4*o. Let u(n) be the third derivative of n**4/12 + n**3/3 + 5*n**2. What is the remainder when u(9) is divided by o?
6
Let z(q) = -q**2 - 12*q - 8. What is the remainder when 35 is divided by z(-9)?
16
Suppose -2*h = 6*h - 224. Calculate the remainder when h is divided by 5.
3
Suppose -449 = -4*q + 2*z + 3*z, -5*q + 3*z + 558 = 0. Suppose -3*h + 6*h - q = 0. Calculate the remainder when h is divided by 19.
18
Calculate the remainder when (-2)/(-4 - (-38)/10) is divided by 1.
0
Let l(y) = -10*y + 11. What is the remainder when l(-4) is divided by 18?
15
Let c(v) = -v**3 - 8*v**2 - 2*v - 6. Suppose -5*l = 3*y - 156, -l + y = -18 - 10. Let x = l + -12. What is the remainder when x is divided by c(-8)?
8
What is the remainder when 24/18 - (-2200)/15 is divided by 39?
31
Let i(f) = f**3 - 4*f**2 - 4*f + 4. Suppose 4*s - 33 = -5*b, 2 + 7 = 3*b - 3*s. Calculate the remainder when 34 is divided by i(b).
7
Suppose -2*q = -3*q + 28. Suppose 5*v + 3 = -2. What is the remainder when q is divided by 62/6 + v/3?
8
Let f = 13 + -8. Suppose -3*c + 989 = -5*b, 0*b - 3*b - 603 = -f*c. What is the remainder when b/(-6) - (-4)/(-6) is divided by 17?
15
Suppose -5*r + 15 = -0*r. Suppose b - r*b - 14 = -3*a, -3*b - 3*a - 6 = 0. What is the remainder when (-1)/(-3)*b*-6 is divided by 3?
2
Let j = 80 + -48. Let m = j + -16. Suppose 2*k - 179 = -4*i - k, -3*k = -5*i + 244. What is the remainder when i is divided by m?
15
Let n be (-6)/15 - (-77)/5. Let i = n - 9. Calculate the remainder when 11 is divided by i.
5
Calculate the remainder when 103 is divided by (-6)/(72/(-340)) + (-8)/(-12).
16
Suppose 54 = 5*o + 2*a, 2*o - 27 = -a + 2*a. What is the remainder when 93 is divided by o?
9
Suppose -2*r + 3*r + 5*y = -8, 0 = -2*r - y + 2. What is the 